{"id":125001,"date":"2024-05-10T04:37:16","date_gmt":"2024-05-10T02:37:16","guid":{"rendered":"https:\/\/2024.ruhr-real.de\/immobilien\/900-m%c2%b2-lagerflaeche-mit-2-ebenerdigen-rolltoren-hervorragende-anbindung\/"},"modified":"2024-05-10T04:37:16","modified_gmt":"2024-05-10T02:37:16","slug":"900-m%c2%b2-lagerflaeche-mit-2-ebenerdigen-rolltoren-hervorragende-anbindung","status":"publish","type":"property","link":"https:\/\/ruhr-real.de\/en\/objekt\/900-m%c2%b2-lagerflaeche-mit-2-ebenerdigen-rolltoren-hervorragende-anbindung\/","title":{"rendered":"900 m\u00b2 Lagerfl\u00e4che mit 2 ebenerdigen Rolltoren | hervorragende Anbindung"},"content":{"rendered":"<p>Diese Lagerhalle befindet sich im Gewerbegebiet Bilderst\u00f6ckchen in K\u00f6ln und umfasst 950 m\u00b2 reine Lagerfl\u00e4che. Die Halle ist eine Kalthalle mit einer Deckenh\u00f6he von 9 m UKB. Sie ist mit Gabelstapler, LKW und PKW durch 3 ebenerdige Rolltore (H\u00f6he 4 m) befahrbar und dient ideal als Hochregallager. Durch Oberlichter und Seitenfenster ist hier die Nutzung des Tageslichts optimal gegeben, ebenso ist die Halle beleuchtet. Das Grundst\u00fcck ist video\u00fcberwacht und umz\u00e4unt, das Schiebetor ist durch einen Schl\u00fcssel zu \u00f6ffnen. Die Halle ist 24\/7 begehbar. Da es sich um eine reine Lagerhalle handelt sind keine Sanit\u00e4ranlagen vorhanden.<\/p>\n<p>Das Objekt befindet sich in optimaler Lage in einem Gewerbegebiet in K\u00f6ln Bilderst\u00f6ckchen. Die Autobahnen A 1 und A 57 befinden sich nur wenige Fahrminuten entfernt und bieten eine schnelle Anbindung an die umliegenden Metropolen. Der Hauptbahnhof sowie der Flughafen K\u00f6ln\/Bonn sind nur wenige Kilometer entfernt. Zudem ist die n\u00e4chste Bushaltestelle in unmittelbarer N\u00e4he, sodass eine gute \u00d6PNV-Anbindung gegeben ist. Restaurants und Gesch\u00e4fte des t\u00e4glichen Bedarfs sind ebenfalls fu\u00dfl\u00e4ufig erreichbar.<\/p>\n<p>\u2022 3 ebenerdige Tore<br \/>\n\u2022 H\u00f6he: ca. 9 m UKB<br \/>\n\u2022 Bodenbelastung: ca. 5 t\/m\u00b2<br \/>\n\u2022 Gabelstapler-, LKW-geeignet<br \/>\n\u2022 viel Tageslicht<br \/>\n\u2022 Kamera\u00fcberwacht<br \/>\n\u2022 umz\u00e4unt<\/p>\n<p>Es gelten ausschlie\u00dflich unsere AGB (www.ruhr-real.de\/agb). Die Halle ist nicht f\u00fcr Veranstaltungsr\u00e4ume geeignet. Wir m\u00f6chten Sie darauf hinweisen, dass die Angaben ausschlie\u00dflich auf den uns vom Eigent\u00fcmer \u00fcbermittelten Unterlagen und Informationen basieren. F\u00fcr Richtigkeit und Vollst\u00e4ndigkeit \u00fcbernehmen wir keine Gew\u00e4hr. Zwischenvermietung vorbehalten.<br \/>\n<\/p>\n","protected":false},"excerpt":{"rendered":"<p>Diese Lagerhalle befindet sich im Gewerbegebiet Bilderst\u00f6ckchen in K\u00f6ln und umfasst 950 m\u00b2 reine Lagerfl\u00e4che. Die&#8230;<\/p>\n","protected":false},"author":1,"featured_media":0,"parent":0,"menu_order":0,"template":"","property_type":[],"property_status":[],"property_feature":[],"property_label":[],"property_country":[],"property_state":[],"property_city":[],"property_area":[],"class_list":["post-125001","property","type-property","status-publish","hentry"],"acf":[],"property_meta":{"_immonex_import_folder":["users\/RUHRREAL"],"_immonex_translation_id":["3255\/E1"],"_openimmo_obid":["E6002C8F447F40689E0D1C83DFB382CF"],"_is_immonex_import_property":["1"],"_immonex_is_reference":[""],"houzez_total_property_views":["2170"],"houzez_views_by_date":["a:61:{s:10:\"02-28-2026\";i:4;s:10:\"03-01-2026\";i:4;s:10:\"03-02-2026\";i:4;s:10:\"03-03-2026\";i:4;s:10:\"03-04-2026\";i:4;s:10:\"03-05-2026\";i:6;s:10:\"03-06-2026\";i:4;s:10:\"03-07-2026\";i:4;s:10:\"03-08-2026\";i:4;s:10:\"03-09-2026\";i:4;s:10:\"03-10-2026\";i:4;s:10:\"03-11-2026\";i:4;s:10:\"03-12-2026\";i:4;s:10:\"03-13-2026\";i:4;s:10:\"03-14-2026\";i:4;s:10:\"03-15-2026\";i:4;s:10:\"03-16-2026\";i:2;s:10:\"03-17-2026\";i:10;s:10:\"03-18-2026\";i:6;s:10:\"03-19-2026\";i:4;s:10:\"03-20-2026\";i:6;s:10:\"03-21-2026\";i:4;s:10:\"03-22-2026\";i:4;s:10:\"03-23-2026\";i:4;s:10:\"03-24-2026\";i:4;s:10:\"03-25-2026\";i:4;s:10:\"03-26-2026\";i:6;s:10:\"03-27-2026\";i:4;s:10:\"03-28-2026\";i:4;s:10:\"03-29-2026\";i:4;s:10:\"03-30-2026\";i:6;s:10:\"03-31-2026\";i:4;s:10:\"04-01-2026\";i:7;s:10:\"04-02-2026\";i:8;s:10:\"04-03-2026\";i:8;s:10:\"04-04-2026\";i:8;s:10:\"04-05-2026\";i:8;s:10:\"04-06-2026\";i:8;s:10:\"04-07-2026\";i:10;s:10:\"04-08-2026\";i:8;s:10:\"04-09-2026\";i:8;s:10:\"04-10-2026\";i:8;s:10:\"04-11-2026\";i:6;s:10:\"04-12-2026\";i:8;s:10:\"04-13-2026\";i:8;s:10:\"04-14-2026\";i:8;s:10:\"04-15-2026\";i:8;s:10:\"04-16-2026\";i:8;s:10:\"04-17-2026\";i:8;s:10:\"04-18-2026\";i:8;s:10:\"04-19-2026\";i:8;s:10:\"04-20-2026\";i:8;s:10:\"04-21-2026\";i:8;s:10:\"04-22-2026\";i:8;s:10:\"04-23-2026\";i:9;s:10:\"04-24-2026\";i:8;s:10:\"04-25-2026\";i:8;s:10:\"04-26-2026\";i:8;s:10:\"04-27-2026\";i:8;s:10:\"04-28-2026\";i:6;s:10:\"04-29-2026\";i:8;}"],"houzez_recently_viewed":["2026-04-29 17:27:00"],"tp_widgets":["a:2:{s:7:\"widgets\";a:0:{}s:9:\"update_at\";s:10:\"1764682733\";}"],"rank_math_news_sitemap_robots":["index"],"rank_math_robots":["a:1:{i:0;s:5:\"index\";}"],"rank_math_internal_links_processed":["1"],"_elementor_page_assets":["a:0:{}"]},"_links":{"self":[{"href":"https:\/\/ruhr-real.de\/en\/wp-json\/wp\/v2\/properties\/125001","targetHints":{"allow":["GET"]}}],"collection":[{"href":"https:\/\/ruhr-real.de\/en\/wp-json\/wp\/v2\/properties"}],"about":[{"href":"https:\/\/ruhr-real.de\/en\/wp-json\/wp\/v2\/types\/property"}],"author":[{"embeddable":true,"href":"https:\/\/ruhr-real.de\/en\/wp-json\/wp\/v2\/users\/1"}],"version-history":[{"count":0,"href":"https:\/\/ruhr-real.de\/en\/wp-json\/wp\/v2\/properties\/125001\/revisions"}],"wp:attachment":[{"href":"https:\/\/ruhr-real.de\/en\/wp-json\/wp\/v2\/media?parent=125001"}],"wp:term":[{"taxonomy":"property_type","embeddable":true,"href":"https:\/\/ruhr-real.de\/en\/wp-json\/wp\/v2\/property_type?post=125001"},{"taxonomy":"property_status","embeddable":true,"href":"https:\/\/ruhr-real.de\/en\/wp-json\/wp\/v2\/property_status?post=125001"},{"taxonomy":"property_feature","embeddable":true,"href":"https:\/\/ruhr-real.de\/en\/wp-json\/wp\/v2\/property_feature?post=125001"},{"taxonomy":"property_label","embeddable":true,"href":"https:\/\/ruhr-real.de\/en\/wp-json\/wp\/v2\/property_label?post=125001"},{"taxonomy":"property_country","embeddable":true,"href":"https:\/\/ruhr-real.de\/en\/wp-json\/wp\/v2\/property_country?post=125001"},{"taxonomy":"property_state","embeddable":true,"href":"https:\/\/ruhr-real.de\/en\/wp-json\/wp\/v2\/property_state?post=125001"},{"taxonomy":"property_city","embeddable":true,"href":"https:\/\/ruhr-real.de\/en\/wp-json\/wp\/v2\/property_city?post=125001"},{"taxonomy":"property_area","embeddable":true,"href":"https:\/\/ruhr-real.de\/en\/wp-json\/wp\/v2\/property_area?post=125001"}],"curies":[{"name":"wp","href":"https:\/\/api.w.org\/{rel}","templated":true}]}}

900 m² Lagerfläche mit 2 ebenerdigen Rolltoren | hervorragende Anbindung

<p>Diese Lagerhalle befindet sich im Gewerbegebiet Bilderstöckchen in Köln und umfasst 950 m² reine Lagerfläche. Die Halle ist eine Kalthalle mit einer Deckenhöhe von 9 m UKB. Sie ist mit Gabelstapler, LKW und PKW durch 3 ebenerdige Rolltore (Höhe 4 m) befahrbar und dient ideal als Hochregallager. Durch Oberlichter und Seitenfenster ist hier die Nutzung des Tageslichts optimal gegeben, ebenso ist die Halle beleuchtet. Das Grundstück ist videoüberwacht und umzäunt, das Schiebetor ist durch einen Schlüssel zu öffnen. Die Halle ist 24/7 begehbar. Da es sich um eine reine Lagerhalle handelt sind keine Sanitäranlagen vorhanden.</p>
<p>Das Objekt befindet sich in optimaler Lage in einem Gewerbegebiet in Köln Bilderstöckchen. Die Autobahnen A 1 und A 57 befinden sich nur wenige Fahrminuten entfernt und bieten eine schnelle Anbindung an die umliegenden Metropolen. Der Hauptbahnhof sowie der Flughafen Köln/Bonn sind nur wenige Kilometer entfernt. Zudem ist die nächste Bushaltestelle in unmittelbarer Nähe, sodass eine gute ÖPNV-Anbindung gegeben ist. Restaurants und Geschäfte des täglichen Bedarfs sind ebenfalls fußläufig erreichbar.</p>
<p>• 3 ebenerdige Tore<br />
• Höhe: ca. 9 m UKB<br />
• Bodenbelastung: ca. 5 t/m²<br />
• Gabelstapler-, LKW-geeignet<br />
• viel Tageslicht<br />
• Kameraüberwacht<br />
• umzäunt</p>
<p>Es gelten ausschließlich unsere AGB (www.ruhr-real.de/agb). Die Halle ist nicht für Veranstaltungsräume geeignet. Wir möchten Sie darauf hinweisen, dass die Angaben ausschließlich auf den uns vom Eigentümer übermittelten Unterlagen und Informationen basieren. Für Richtigkeit und Vollständigkeit übernehmen wir keine Gewähr. Zwischenvermietung vorbehalten.<br />
</p>

<p>Diese Lagerhalle befindet sich im Gewerbegebiet Bilderstöckchen in Köln und umfasst 950 m² reine Lagerfläche. Die&#8230;</p>
